. Suppose g - 67 = -h*k - 3*g, -5*k + 120 = 5*g. Let l = k - 18. What is the units digit of l?
1
Let d(l) = 4*l**2 - 6*l + 3. Let w(q) = 5*q**2 - 6*q + 4. Let f(u) = -3*d(u) + 2*w(u). Let t be f(5). Let k = -11 - t. What is the tens digit of k?
1
Let f(i) = -5*i - 52. Let l(s) = -s - 13. Let t(o) = 2*f(o) - 9*l(o). What is the units digit of t(8)?
5
Let v = -40 + 157. What is the tens digit of v?
1
Let i be 8 + 6/9*-3. Suppose -m = -i*m - 20. Let f = 5 + m. What is the units digit of f?
1
Suppose -5*n + n = s - 117, 4*n = 2*s - 174. What is the units digit of s?
7
Let d be 24/10 - (-10)/(-25). Suppose -3*l = -5*c - 164, -125 = 4*l + d*c - 335. What is the tens digit of l?
5
Let k(n) = -n - 12. Let x be k(-10). What is the units digit of 1 + (-1)/(x/78)?
0
Let p(l) = -l**2 + 8*l + 3. Let t be p(8). Suppose 0*u - t*u + 60 = 0. What is the tens digit of u?
2
Let l(t) = t**3 - 2*t**2 + 2*t + 3. Let w be l(3). Let p(a) = a**2 - 7*a + 6. Let u be p(7). Suppose 2*k - w = -u. What is the units digit of k?
6
Suppose 2*s = a + 61, s + 5*a + 30 = 77. What is the units digit of s?
2
Let a(j) = -2*j + 7. Let n be a(6). Let q(s) = -s**3 - 3*s**2 + 5*s + 3. What is the units digit of q(n)?
8
Let n(l) = 3*l**2 + 7*l - 5. What is the tens digit of n(-7)?
9
Let y be ((-5)/4)/((-1)/4). Suppose -5*t + 0*t - 2*s = -57, -s + 56 = y*t. What is the units digit of t?
1
Suppose 0 = -w + 5*f + 175, 646 = 4*w + f - 3*f. What is the units digit of w?
0
Suppose 328 = 6*g - 482. What is the tens digit of g?
3
Suppose 3*q - 4*q - 1540 = -5*x, x - q = 308. What is the tens digit of x?
0
Suppose -20*s = -15*s - 165. Let w be 2/7 - 242/14. Let h = w + s. What is the tens digit of h?
1
Suppose 2*u = 2*x - 150, -2*x = u + u - 154. What is the units digit of x?
6
Let o = -23 - -14. Let g = o + 22. What is the units digit of g?
3
Let b = 49 + 1. What is the units digit of b?
0
Suppose 0*d = -2*f + 2*d, 3*f - 14 = -4*d. What is the tens digit of 58/5 - f/(-5)?
1
Suppose 5*q + 2*d + 0*d - 22 = 0, 3*d = -4*q + 19. Let p = 12 - q. Suppose -4*n + p = -0*n. What is the units digit of n?
2
Let i(d) = 5*d**2 + 2*d + 16. What is the units digit of i(-4)?
8
Let v = -23 + 34. What is the units digit of v?
1
Let v(b) = -b**2 - 6*b. Let h be v(-4). What is the units digit of (1 - -1)*100/h?
5
Let q = 52 + -15. Suppose -4*z + 2*f = z - q, -2*f + 5 = z. Suppose 5*r = -2 + z. What is the units digit of r?
1
Suppose 2*h - 3*h = 6. What is the tens digit of (0 - -24)*(-4)/h?
1
Let k be -26 + (-1)/3*0. Let t = k + 18. Let m = t - -13. What is the units digit of m?
5
Suppose h + 1084 = 4*p, -p - p + h = -540. What is the tens digit of p?
7
Let z = 8 + -8. Suppose r - 11 = -z*r. What is the tens digit of r?
1
Let m = 108 + -47. Let n = m - 23. Suppose 3 = -2*l + 5*t, 5*t - 31 = -4*l + n. What is the tens digit of l?
1
Suppose 4*c + w = 216, -3*c - 5*w - 11 = -156. What is the units digit of c?
5
Let l(m) = -m**3 + 5*m**2 + 3*m + 4. Suppose 3*h + 5 = 2*h - 2*r, 5 = -2*h - 3*r. What is the units digit of l(h)?
9
What is the units digit of 273/4 - (-123)/164?
9
What is the tens digit of (-1 + -8)*(-555)/45?
1
What is the units digit of (-46)/(-6)*(-2 + 5)?
3
Let k = 192 + -81. What is the units digit of k?
1
What is the units digit of ((-8)/(-2))/(-4)*-1?
1
Suppose 3*f = 20 + 79. What is the units digit of f?
3
Let k = 309 + -180. What is the units digit of k?
9
Suppose 0 = -t - 4*t + 10. Suppose -5*q = -2*j - 15, -j = -3*q + 8 + t. Let z = -3 + j. What is the units digit of z?
2
Let d = -2 - -6. Suppose -d*o + 2 = -3*o. Suppose 3*m - a - 2*a = 30, 4 = 2*m + o*a. What is the units digit of m?
6
Let p = 33 - 22. Let o = p - 6. Suppose o*a + 4 = -3*g, 2*g - 18 = -2*g - 2*a. What is the units digit of g?
7
Let s = -33 - -89. What is the tens digit of s?
5
Let s be 0 + 61 - 0/3. Suppose 19 + s = 4*x. What is the units digit of x?
0
Suppose -24 = -2*a - 5*z + 45, -a - 3*z + 34 = 0. What is the tens digit of a?
3
What is the tens digit of (-2 - -269)/3 - 3?
8
Let i = 127 - 31. What is the units digit of i?
6
Let w(l) = l**3 + 6*l**2 + 4*l + 10. What is the tens digit of w(-4)?
2
Let c = 3 - 0. What is the units digit of c?
3
Suppose 2*o - 6 = 0, 2*a - 2*o + 9 = o. Suppose a = 2*i + 3 - 33. What is the tens digit of i?
1
Let j = 5 + -3. Suppose -138 = -4*m - j*a, m - 3*m + 54 = -4*a. What is the units digit of m?
3
Let o(j) = j - 3. Let c be o(10). Let w = c - 5. What is the units digit of w?
2
Let h = 107 + -64. Let z = -13 + h. What is the units digit of z?
0
Let c(b) = -3*b**2 - 3*b + 4. Let l be c(-3). Let r = 23 + l. What is the units digit of r?
9
Let s(i) be the third derivative of -i**5/60 - 17*i**4/24 - 2*i**3 - 4*i**2. What is the tens digit of s(-15)?
1
Suppose q + 8 = 3*h - 7, -25 = -5*h. Suppose -4*p + b + 79 + 16 = q, p + 3*b = 14. What is the units digit of p?
3
What is the tens digit of 3*-1*3984/(-72)?
6
Let y(i) = 3*i + 2. Let l be y(2). Let s(w) be the third derivative of w**5/60 - 7*w**4/24 + 5*w**3/3 + 3*w**2. What is the units digit of s(l)?
8
Let c(a) = 5*a**2 - 13*a - 11. Let v(u) = 6*u**2 - 14*u - 12. Let w(q) = 7*c(q) - 6*v(q). What is the units digit of w(-5)?
5
Let y(a) = -a**3 - 15*a**2 - 14*a + 7. Let r be y(-14). Suppose 5*v - 78 = -3*k, -2*k - 5 = -r*k. What is the units digit of v?
5
Suppose -11*r + 13*r - 46 = 0. What is the tens digit of r?
2
Suppose 5*p - 9 = 1. What is the units digit of 2 - 75/(-6)*p?
7
What is the units digit of 6 - 6/2 - (1 + -42)?
4
Let v be 54*1*(1 - -1). Suppose 6*g - 2*g - v = -5*m, 21 = m + g. What is the tens digit of m?
2
Let h(x) = 781*x. Let z(d) = -13*d. Let t(o) = -2*h(o) - 121*z(o). What is the tens digit of t(2)?
2
Suppose 2*x - x = 4*r - 13, -2*x = 3*r + 4. What is the units digit of r?
2
Suppose 0 = -4*r + p + p + 18, 0 = -3*r + p + 11. Let s be 9 + (36/4)/3. Suppose w + r*w = s. What is the units digit of w?
4
Suppose t = -3*t + 148. What is the units digit of t?
7
Suppose 14 = 5*l - 3*p, -2*l + 4*p + 0*p = 0. What is the units digit of 3/2 - 2/l?
1
Suppose -6*p + 1497 - 549 = 0. What is the hundreds digit of p?
1
Suppose -k + 129 = -16. What is the units digit of k?
5
Suppose -8 = -p + o, 0*o = -5*o. Suppose g + 2 = -4*l + p, 0 = -4*g + 8. What is the units digit of (l/3)/((-4)/(-24))?
2
Let g = 163 - -33. What is the units digit of g?
6
Let m = -3 - -8. Let f = 40 - 24. Suppose -5*u + f = -5*h - 9, -m*h = -2*u + 22. What is the units digit of u?
1
Let h(w) = w**3 - 10*w**2 + 10*w - 3. Let g be h(9). Let q = g + -1. Suppose q*v = v + 72. What is the tens digit of v?
1
Let f = 24 + 22. Suppose 3*v - f = -4. What is the units digit of v?
4
Let g(w) = 3*w**2 - w - 1. Let o be g(-1). Suppose -o*j = -0 - 9, 0 = 5*z - 2*j - 19. Let a(t) = -t**2 + 6*t + 1. What is the units digit of a(z)?
6
Suppose 5*v - 20 = -0*v. Suppose 37 = v*n - 67. What is the units digit of n?
6
What is the tens digit of ((-1)/(-2))/((-1)/(-34))?
1
Let h(s) = s**3 - 5*s. What is the units digit of h(4)?
4
Let p(t) = 5*t**2 + 11*t - 9. What is the hundreds digit of p(4)?
1
What is the units digit of ((0/4)/(-3) - -34)*2?
8
Suppose 2*i + f = 4*i - 35, 2*f = i - 16. What is the tens digit of i?
1
Let u be (2/6)/(2/(-54)). What is the tens digit of (-92)/(-3) + (-3)/u?
3
Let b = 6 + -5. Let d be 3 + b + (-2)/2. What is the units digit of (2 - 57/d)*-1?
7
Suppose 0 = 3*t - 4*y - 7 - 10, 5*t - y = 0. Let g(p) = 2*p**2 - p**2 + 1 - p**2 - 11*p**3. What is the units digit of g(t)?
2
Let h(z) = -11*z - 6. Suppose 3*m - 9 + 21 = 0. Let g be h(m). What is the units digit of (-1)/3 + g/6?
6
Let r(j) = -5*j**2 - 56*j - 34. Let y(z) = z**2 + 11*z + 7. Let u(h) = -2*r(h) - 11*y(h). What is the units digit of u(-6)?
9
Suppose 42 = 7*l + 7*l. What is the units digit of l?
3
Let v(n) = 24*n**3 + 2*n**2 - n. Let h be v(1). Suppose w - 78 = -2*b - h, 2*b - 2*w - 38 = 0. What is the tens digit of b?
2
Suppose c + 2*c = 3*j - 9, -3*j - 2*c = -29. Let t = 4 - j. Let a = -2 - t. What is the units digit of a?
1
Let t(w) = -5*w**3 + 2*w - 3. What is the units digit of t(-2)?
3
Let l = -102 - -169. Suppose 5*w - w = 20, -d - 4*w = -l. What is the tens digit of d?
4
Let l = -25 + 15. What is the units digit of ((-15)/l)/(6/16)?
4
Suppose -5*u + 8*u = 0. Suppose u*h + 156 = 5*q - h, -5*q + 3*h + 